a multiple of 54?
False
Is 42 a factor of 16632?
True
Is 40 a factor of 13440?
True
Is 7410 a multiple of 26?
True
Is 94 a multiple of 5?
False
Is 33 a factor of 7821?
True
Is 19 a factor of 9785?
True
Is 23 a factor of 8671?
True
Is 13464 a multiple of 136?
True
Is 7 a factor of 147?
True
Is 4 a factor of 156?
True
Is 12160 a multiple of 60?
False
Is 44 a factor of 14530?
False
Is 14 a factor of 1572?
False
Is 13678 a multiple of 18?
False
Is 7 a factor of 3255?
True
Does 69 divide 2539?
False
Is 16 a factor of 592?
True
Is 4 a multiple of 4?
True
Is 58 a factor of 13572?
True
Does 10 divide 92?
False
Does 5 divide 2392?
False
Does 145 divide 14675?
False
Is 21 a factor of 1677?
False
Is 32 a factor of 416?
True
Is 4 a factor of 12252?
True
Is 3724 a multiple of 2?
True
Is 5 a factor of 265?
True
Does 7 divide 9226?
True
Does 31 divide 3224?
True
Is 59 a factor of 26727?
True
Does 200 divide 10299?
False
Is 270 a multiple of 10?
True
Is 7 a factor of 215?
False
Is 1547 a multiple of 7?
True
Is 45 a factor of 561?
False
Is 46 a factor of 1150?
True
Does 52 divide 33404?
False
Does 366 divide 11223?
False
Is 84 a factor of 3444?
True
Does 16 divide 21888?
True
Does 91 divide 14378?
True
Does 3 divide 138?
True
Does 30 divide 5640?
True
Is 14 a factor of 4885?
False
Does 24 divide 8208?
True
Is 26 a factor of 2695?
False
Is 7462 a multiple of 182?
True
Does 34 divide 5576?
True
Is 2223 a multiple of 39?
True
Does 3 divide 342?
True
Is 10 a factor of 3959?
False
Is 14 a factor of 61852?
True
Does 12 divide 3077?
False
Is 13394 a multiple of 74?
True
Is 326 a multiple of 19?
False
Is 130 a multiple of 26?
True
Is 45668 a multiple of 73?
False
Does 97 divide 322?
False
Is 11996 a multiple of 87?
False
Does 19 divide 11248?
True
Is 10207 a multiple of 14?
False
Is 30225 a multiple of 39?
True
Is 2063 a multiple of 26?
False
Is 35 a factor of 93026?
False
Does 17 divide 1223?
False
Is 11118 a multiple of 51?
True
Does 145 divide 25955?
True
Is 1300 a multiple of 50?
True
Does 9 divide 26505?
True
Is 23 a factor of 22344?
False
Is 25 a factor of 345?
False
Is 824 a multiple of 31?
False
Does 301 divide 24080?
True
Is 237 a factor of 8532?
True
Does 25 divide 750?
True
Does 71 divide 568?
True
Is 13944 a multiple of 21?
True
Is 2 a factor of 1075?
False
Is 38 a factor of 3100?
False
Does 79 divide 711?
True
Is 93 a factor of 789?
False
Is 20 a factor of 580?
True
Is 15 a factor of 42644?
False
Does 3 divide 147?
True
Does 10 divide 3040?
True
Is 8100 a multiple of 100?
True
Is 551 a multiple of 29?
True
Is 6 a factor of 1187?
False
Does 19 divide 2907?
True
Is 185 a multiple of 13?
False
Is 59 a multiple of 8?
False
Does 14 divide 37490?
False
Does 30 divide 23179?
False
Is 41 a factor of 15835?
False
Does 19 divide 9671?
True
Is 2 a factor of 2001?
False
Is 10 a factor of 1655?
False
Is 2084 a multiple of 20?
False
Is 11582 a multiple of 3?
False
Does 26 divide 739?
False
Is 85 a factor of 14456?
False
Is 1541 a multiple of 23?
True
Is 2281 a multiple of 78?
False
Is 167 a factor of 792?
False
Is 8691 a multiple of 159?
False
Does 4 divide 192?
True
Is 68 a factor of 2584?
True
Does 16 divide 48?
True
Does 35 divide 735?
True
Does 11 divide 308?
True
Is 3 a factor of 5814?
True
Does 51 divide 1836?
True
Is 3169 a multiple of 2?
False
Does 257 divide 22378?
False
Does 38 divide 141?
False
Is 1120 a multiple of 28?
True
Is 3 a factor of 74?
False
Does 12 divide 18866?
False
Does 48 divide 1536?
True
Is 79 a multiple of 4?
False
Is 407 a multiple of 4?
False
Does 19 divide 2282?
False
Is 320 a multiple of 70?
False
Is 6 a factor of 7736?
False
Does 3 divide 8307?
True
Does 38 divide 25279?
False
Is 7471 a multiple of 15?
False
Is 25 a factor of 11127?
False
Is 16 a factor of 2330?
False
Is 829 a multiple of 20?
False
Is 11959 a multiple of 112?
False
Is 20 a factor of 2049?
False
Does 13 divide 326?
False
Does 6 divide 18609?
False
Is 27825 a multiple of 53?
True
Is 8 a factor of 192?
True
Does 32 divide 1635?
False
Is 2090 a multiple of 16?
False
Does 8 divide 13724?
False
Is 846 a multiple of 4?
False
Is 64 a factor of 18270?
False
Does 54 divide 2486?
False
Is 2858 a multiple of 24?
False
Does 15 divide 9648?
False
Is 7 a factor of 7931?
True
Is 23 a factor of 469?
False
Is 225 even?
False
Is 10 a factor of 45087?
False
Is 9 a factor of 837?
True
Is 158 a factor of 37604?
True
Does 18 divide 1782?
True
Does 18 divide 5910?
False
Does 11 divide 14088?
False
Is 14 a factor of 244?
False
Does 13 divide 8099?
True
Is 1656 a multiple of 24?
True
Is 41328 a multiple of 126?
True
Does 308 divide 23708?
False
Does 24 divide 28288?
False
Is 1202 a multiple of 9?
False
Is 3 a factor of 13?
False
Does 6 divide 9468?
True
Is 92 a factor of 9568?
True
Does 51 divide 2142?
True
Is 199 a factor of 22089?
True
Is 16 a factor of 473?
False
Is 1190 a multiple of 34?
True
Is 8424 a multiple of 81?
True
Is 9520 a multiple of 5?
True
Is 67 a multiple of 27?
False
Is 158 a factor of 18170?
True
Is 7 a factor of 1442?
True
Is 64169 a multiple of 15?
False
Does 26 divide 4778?
False
Is 369 a multiple of 10?
False
Does 8 divide 10392?
True
Does 12 divide 468?
True
Does 12 divide 3652?
False
Does 20 divide 10655?
False
Does 174 divide 39672?
True
Is 46 a factor of 138?
True
Is 32 a factor of 6240?
True
Is 28384 a multiple of 7?
False
Does 8 divide 5536?
True
Is 338 a factor of 38488?
False
Does 71 divide 1134?
False
Does 16 divide 16?
True
Does 15 divide 405?
True
Is 5 a factor of 50?
True
Is 6660 a multiple of 18?
True
Is 2 a factor of 206?
True
Is 255 a factor of 24154?
False
Is 78180 a multiple of 15?
True
Is 49 a factor of 1063?
False
Is 22274 a multiple of 14?
True
Does 7 divide 3021?
False
Is 13 a factor of 1040?
True
Does 282 divide 89112?
True
Is 152 a factor of 22804?
False
Does 3 divide 104?
False
Does 122 divide 3695?
False
Is 32 a factor of 512?
True
Does 2 divide 59?
False
Is 1663 a multiple of 15?
False
Is 2310 a multiple of 110?
True
Is 10 a factor of 30?
True
Is 57 a factor of 1704?
False
Does 13 divide 7479?
False
Is 8418 a multiple of 50?
False
Is 54 a factor of 717?
False
Does 18 divide 738?
True
Does 28 divide 62271?
False
Is 16712 a multiple of 77?
False
Does 50 divide 1733?
False
Does 7 divide 5890?
False
Is 913 a multiple of 81?
False
Is 12313 a multiple of 64?
False
Does 27 divide 5845?
False
Is 28 a factor of 53788?
True
Does 12 divide 501?
False
Is 118 a factor of 36580?
True
Is 21 a factor of 35438?
False
Is 9702 a multiple of 18?
True
Is 744 a multiple of 6?
True
Does 104 divide 14456?
True
Is 45 a factor of 1523?
False
Is 21 a factor of 4029?
False
Does 6 divide 455?
False
Does 22 divide 17292?
True
Does 6 divide 12078?
True
Does 33 divide 522?
False
Is 48294 a multiple of 337?
False
Is 35 a factor of 1231?
False
Is 19 a factor of 5529?
True
Is 15412 a multiple of 51?
False
Is 7 a factor of 21665?
True
Does 2 divide 126?
True
Does 2 divide 2228?
True
Does 14 divide 1022?
True
Is 369 a multiple of 9?
True
Is 13 a factor of 115772?
False
Does 6 divide 5490?
True
Does 3 divide 578?
False
Is 88 a factor of 1949?
False
Is 80 a factor of 5920?
True
Is 124 a factor of 21400?
False
Is 42 a factor of 1974?
True
Is 388 a multiple of 5?
False
Is 3 a factor of 183?
True
Does 4 divide 381?
False
Is 66 a factor of 1650?
True
Is 132 a factor of 3132?
False
Is 877 a multiple of 84?
False
Is 22760 a multiple of 20?
True
Is 1975 a multiple of 43?
False
Is 4100 a multiple of 20?
True
Is 12 a factor of 4440?
True
Is 10 a factor of 750?
True
Is 26 a factor of 3177?
False
Is 12 a factor of 146?
False
Is 131938 a multiple of 82?
True
Does 10 divide 6550?
True
Is 13392 a multiple of 54?
True
Is 15406 a multiple of 73?
False
Does 142 divide 8865?
False
Does 40 divide 28775?
False
Does 67 divide 3496?
False
Is 40 a factor of 1040?
True
Is 4 a factor of 32?
True
Is 706 a multiple of 18?
False
Is 81810 a multiple of 15?
True
Does 12 divide 4823?
False
Is 20 a factor of 820?
True
Does 25 divide 2107?
False
Is 9208 a multiple of 21?
False
Is 55900 a multiple of 5?
True
Is 138 a factor of 70242?
True
Does 11 divide 212?
False
Does 12 divide 1116?
True
Is 57387 a multiple of 11?
True
Does 37 divide 1554?
True
Is 7313 a multiple of 28?
False
Is 40870 a multiple of 25?
False
D